ulate the greatest common divisor of 930 and 10.
10
What is the greatest common divisor of 1677 and 780?
39
Calculate the highest common divisor of 36 and 2124.
36
What is the highest common factor of 322 and 230?
46
What is the highest common divisor of 2140 and 280?
20
Calculate the greatest common factor of 48 and 90.
6
Calculate the highest common factor of 28 and 91.
7
Calculate the highest common divisor of 507 and 273.
39
Calculate the greatest common divisor of 7 and 5705.
7
Calculate the greatest common factor of 345 and 27.
3
Calculate the highest common factor of 266 and 722.
38
What is the greatest common divisor of 1200 and 384?
48
Calculate the greatest common factor of 33 and 15.
3
Calculate the greatest common divisor of 1605 and 165.
15
Calculate the highest common factor of 84 and 714.
42
What is the greatest common divisor of 78 and 4758?
78
What is the highest common divisor of 3 and 1025?
1
What is the highest common factor of 155 and 200?
5
What is the greatest common divisor of 80467 and 67?
67
What is the greatest common factor of 7605 and 315?
45
What is the highest common divisor of 18984 and 28?
28
Calculate the greatest common divisor of 4380 and 480.
60
What is the highest common factor of 7 and 35?
7
What is the greatest common divisor of 3048 and 24?
24
What is the greatest common factor of 22 and 198?
22
Calculate the highest common factor of 2635 and 119.
17
Calculate the highest common divisor of 11124 and 180.
36
Calculate the highest common divisor of 12 and 204.
12
Calculate the highest common divisor of 10923 and 66.
33
What is the highest common divisor of 4340 and 372?
124
Calculate the highest common divisor of 520 and 80.
40
What is the greatest common factor of 10 and 1790?
10
What is the highest common factor of 1216 and 19?
19
Calculate the greatest common divisor of 134 and 5494.
134
What is the highest common factor of 5 and 5?
5
What is the greatest common factor of 27 and 15714?
27
What is the greatest common divisor of 96 and 480?
96
Calculate the highest common factor of 75 and 10155.
15
Calculate the greatest common divisor of 4438 and 14.
14
Calculate the highest common divisor of 84 and 150.
6
Calculate the highest common divisor of 6549 and 222.
111
What is the highest common divisor of 88 and 473?
11
What is the highest common divisor of 12 and 114?
6
Calculate the greatest common divisor of 84 and 224.
28
What is the highest common factor of 45 and 10?
5
What is the highest common factor of 304 and 14?
2
Calculate the highest common factor of 407 and 74.
37
Calculate the greatest common divisor of 430 and 210.
10
What is the highest common divisor of 1122 and 17?
17
Calculate the highest common factor of 39 and 65.
13
What is the highest common divisor of 488 and 8?
8
Calculate the highest common divisor of 864 and 27.
27
Calculate the highest common factor of 3103 and 29.
29
What is the greatest common factor of 38 and 1?
1
Calculate the greatest common divisor of 200 and 272.
8
Calculate the greatest common divisor of 1 and 43.
1
What is the highest common divisor of 90 and 80?
10
Calculate the greatest common divisor of 476 and 51.
17
Calculate the highest common divisor of 4 and 10372.
4
Calculate the greatest common factor of 7 and 63.
7
What is the greatest common factor of 23 and 3?
1
Calculate the greatest common factor of 10241 and 19.
19
What is the greatest common factor of 936 and 216?
72
Calculate the greatest common divisor of 49 and 791.
7
Calculate the greatest common divisor of 4360 and 72.
8
Calculate the highest common factor of 1781 and 137.
137
What is the greatest common divisor of 6 and 23?
1
What is the highest common divisor of 246 and 60?
6
What is the greatest common divisor of 24 and 4264?
8
Calculate the highest common divisor of 100 and 28.
4
Calculate the highest common factor of 180 and 105.
15
Calculate the highest common divisor of 864 and 2376.
216
Calculate the highest common divisor of 45 and 8.
1
Calculate the greatest common divisor of 385 and 49.
7
Calculate the greatest common factor of 19 and 2109.
19
What is the highest common divisor of 287 and 738?
41
What is the greatest common divisor of 32 and 10832?
16
Calculate the highest common divisor of 41 and 70069.
41
What is the highest common divisor of 128 and 16?
16
What is the greatest common factor of 72 and 520?
8
What is the greatest common divisor of 136 and 24?
8
What is the greatest common divisor of 18 and 222?
6
What is the greatest common factor of 564 and 6486?
282
What is the greatest common divisor of 10 and 1240?
10
Calculate the greatest common divisor of 360 and 135.
45
Calculate the highest common divisor of 216 and 2997.
27
What is the greatest common factor of 24 and 84?
12
Calculate the highest common divisor of 585 and 975.
195
Calculate the greatest common divisor of 69 and 1426.
23
What is the highest common divisor of 73 and 73?
73
What is the greatest common factor of 1184 and 2812?
148
What is the greatest common divisor of 264 and 352?
88
Calculate the highest common factor of 390 and 559.
13
What is the greatest common factor of 126 and 1918?
14
What is the greatest common factor of 440 and 640?
40
Calculate the highest common divisor of 192 and 3.
3
What is the highest common factor of 928 and 40?
8
What is the highest common divisor of 4450 and 50?
50
What is the greatest common factor of 552 and 9798?
138
What is the greatest common factor of 42 and 336?
42
Calculate the highest common factor of 2235 and 345.
15
What is the highest common factor of 21 and 20622?
21
Calculate the greatest common divisor of 2159 and 1651.
127
What is the highest common factor of 108 and 378?
54
Calculate the greatest common factor of 534 and 4539.
267
What is the greatest common divisor of 165 and 480?
15
What is the greatest common factor of 16880 and 80?
80
What is the greatest common factor of 304 and 532?
76
Calculate the greatest common divisor of 3 and 105.
3
What is the highest common factor of 123 and 41?
41
What is the greatest common divisor of 3270 and 90?
30
What is the greatest common factor of 24 and 504?
24
What is the highest common factor of 172 and 215?
43
What is the highest common divisor of 110 and 35?
5
What is the highest common divisor of 4543 and 77?
77
What is the highest common factor of 7397 and 13?
13
Calculate the greatest common factor of 1040 and 336.
16
What is the highest common factor of 50 and 410?
10
Calculate the greatest common factor of 2630 and 10.
10
Calculate the greatest common divisor of 40 and 270.
10
Calculate the greatest common factor of 70 and 938.
14
What is the greatest common divisor of 2247 and 1177?
107
Calculate the greatest common divisor of 25 and 2225.
25
Calculate the greatest common divisor of 525 and 231.
21
What is the greatest common factor of 504 and 112?
56
What is the highest common divisor of 120 and 780?
60
Calculate the highest common divisor of 102 and 4539.
51
Calculate the greatest common divisor of 7769 and 17.
17
Calculate the greatest common factor of 221 and 51.
17
What is the highest common factor of 1003 and 136?
17
Calculate the greatest common divisor of 1856 and 58.
58
Calculate the greatest common factor of 903 and 43.
43
What is the greatest common factor of 165 and 180?
15
What is the highest common factor of 27 and 33?
3
What is the highest common divisor of 69 and 1068?
3
What is the greatest common factor of 40 and 13?
1
Calculate the highest common factor of 2824 and 8.
8
What is the greatest common divisor of 441 and 98?
49
Calculate the highest common factor of 33175 and 75.
25
What is the greatest common divisor of 48 and 272?
16
What is the greatest common divisor of 100 and 80?
20
Calculate the greatest common divisor of 40875 and 375.
375
What is the greatest common divisor of 14 and 448?
14
Calculate the highest common factor of 312 and 120.
24
What is the greatest common divisor of 106 and 371?
53
What is the greatest common factor of 44 and 33?
11
Calculate the highest common divisor of 1017 and 18.
9
Calculate the greatest common divisor of 272 and 20808.
136
Calculate the highest common divisor of 78 and 507.
39
What is the greatest common factor of 798 and 570?
114
What is the hi